
17
Calculate the highest common factor of 113 and 113.
113
What is the greatest common factor of 782 and 34?
34
What is the greatest common divisor of 2964 and 190?
38
Calculate the highest common factor of 120 and 54.
6
What is the greatest common factor of 2187 and 27?
27
Calculate the greatest common divisor of 11 and 7436.
11
What is the greatest common factor of 1343 and 79?
79
Calculate the highest common divisor of 35 and 125.
5
What is the highest common divisor of 39 and 9893?
13
What is the highest common divisor of 400 and 272?
16
What is the highest common divisor of 54 and 23526?
18
Calculate the greatest common divisor of 28919 and 121.
121
Calculate the highest common factor of 186 and 62.
62
What is the highest common factor of 58 and 928?
58
Calculate the greatest common divisor of 592 and 37.
37
Calculate the greatest common factor of 4309 and 278.
139
What is the highest common divisor of 65 and 117?
13
What is the highest common factor of 72 and 376?
8
What is the greatest common divisor of 28 and 7?
7
Calculate the greatest common factor of 5885 and 55.
55
Calculate the greatest common factor of 3009 and 51.
51
Calculate the greatest common factor of 2604 and 5952.
372
What is the highest common divisor of 559 and 301?
43
What is the highest common factor of 57 and 30077?
19
Calculate the greatest common divisor of 24 and 36.
12
What is the highest common divisor of 13248 and 92?
92
Calculate the greatest common factor of 1012 and 138.
46
What is the highest common divisor of 85 and 25?
5
Calculate the greatest common divisor of 112 and 91.
7
What is the highest common factor of 3 and 951?
3
What is the greatest common factor of 250 and 210?
10
What is the greatest common factor of 2785 and 55?
5
Calculate the greatest common factor of 14 and 4529.
7
Calculate the greatest common factor of 537 and 57.
3
Calculate the highest common divisor of 200 and 2950.
50
What is the greatest common factor of 291 and 3?
3
What is the highest common factor of 4879 and 595?
119
What is the greatest common divisor of 888 and 3404?
148
What is the greatest common factor of 50 and 99050?
50
What is the greatest common factor of 603 and 5963?
67
Calculate the highest common factor of 27774 and 18.
18
Calculate the highest common divisor of 80 and 3280.
80
What is the highest common divisor of 2380 and 510?
170
What is the highest common factor of 94 and 14053?
47
What is the greatest common divisor of 49 and 539?
49
What is the highest common divisor of 2072 and 7?
7
Calculate the highest common factor of 51 and 221.
17
Calculate the greatest common divisor of 30 and 195.
15
What is the greatest common divisor of 29790 and 45?
45
What is the greatest common divisor of 45 and 750?
15
What is the highest common factor of 7 and 287?
7
Calculate the greatest common factor of 8 and 5.
1
What is the highest common divisor of 6068 and 592?
148
What is the highest common divisor of 486 and 90?
18
What is the greatest common divisor of 3 and 270?
3
What is the greatest common factor of 14 and 518?
14
Calculate the greatest common factor of 228 and 152.
76
What is the greatest common divisor of 135 and 10?
5
What is the greatest common divisor of 20 and 940?
20
Calculate the highest common factor of 119 and 221.
17
Calculate the highest common divisor of 4104 and 270.
54
Calculate the greatest common factor of 2223 and 1539.
171
Calculate the highest common divisor of 104 and 16.
8
Calculate the greatest common divisor of 785 and 471.
157
Calculate the greatest common divisor of 120 and 1400.
40
What is the highest common divisor of 4 and 23?
1
What is the highest common divisor of 11 and 319?
11
What is the highest common factor of 152 and 380?
76
Calculate the highest common divisor of 378 and 2100.
42
Calculate the greatest common divisor of 7118 and 2.
2
Calculate the greatest common divisor of 30 and 17510.
10
What is the highest common factor of 560 and 1008?
112
What is the highest common factor of 434 and 62?
62
Calculate the greatest common divisor of 2279 and 86.
43
Calculate the highest common factor of 24 and 3618.
6
What is the highest common divisor of 1072 and 16?
16
What is the greatest common factor of 480 and 672?
96
What is the greatest common divisor of 22 and 3223?
11
Calculate the greatest common factor of 18 and 2250.
18
What is the greatest common divisor of 12 and 13686?
6
What is the highest common divisor of 30 and 2865?
15
What is the highest common factor of 72 and 5859?
9
Calculate the highest common factor of 108 and 243.
27
What is the greatest common divisor of 8 and 2308?
4
What is the greatest common factor of 50 and 130?
10
What is the highest common divisor of 120 and 10140?
60
Calculate the highest common divisor of 276 and 207.
69
Calculate the highest common factor of 74 and 12.
2
What is the greatest common divisor of 410 and 10?
10
Calculate the greatest common factor of 58 and 2726.
58
What is the highest common divisor of 11744 and 64?
32
What is the greatest common divisor of 582 and 54?
6
What is the greatest common factor of 234 and 72?
18
Calculate the greatest common factor of 9129 and 306.
51
Calculate the greatest common factor of 316 and 1501.
79
What is the greatest common factor of 1914 and 132?
66
Calculate the greatest common factor of 28 and 574.
14
Calculate the highest common divisor of 2632 and 182.
14
What is the highest common factor of 4000 and 625?
125
Calculate the greatest common divisor of 4 and 50.
2
Calculate the greatest common divisor of 5264 and 224.
112
Calculate the highest common divisor of 258 and 3999.
129
Calculate the highest common factor of 133 and 35.
7
What is the greatest common factor of 279 and 387?
9
Calculate the highest common divisor of 220 and 605.
55
Calculate the greatest common divisor of 258 and 2322.
258
Calculate the greatest common factor of 153 and 1611.
9
Calculate the highest common divisor of 119294 and 14.
14
What is the highest common divisor of 368 and 2392?
184
Calculate the highest common divisor of 37 and 481.
37
What is the highest common factor of 7289 and 788?
197
What is the highest common divisor of 275 and 220?
55
What is the highest common divisor of 2226 and 42?
42
What is the highest common factor of 75 and 22175?
25
Calculate the highest common divisor of 128 and 808.
8
Calculate the highest common factor of 4641 and 51.
51
What is the greatest common divisor of 23416 and 8?
8
Calculate the greatest common factor of 633 and 156.
3
Calculate the greatest common factor of 711 and 27.
9
Calculate the highest common factor of 628 and 157.
157
Calculate the greatest common factor of 16929 and 81.
81
Calculate the greatest common factor of 1406 and 74.
74
Calculate the greatest common divisor of 405 and 3969.
81
Calculate the greatest common factor of 176 and 22.
22
What is the highest common divisor of 155 and 65?
5
Calculate the highest common factor of 119 and 32249.
119
What is the greatest common factor of 255 and 5280?
15
What is the greatest common factor of 918 and 54?
54
What is the greatest common divisor of 84 and 2394?
42
What is the greatest common divisor of 48 and 112?
16
Calculate the greatest common divisor of 1118 and 156.
26
Calculate the highest common factor of 135 and 50.
5
Calculate the greatest common divisor of 1691 and 178.
89
What is the greatest common factor of 301 and 77?
7
Calculate the highest common divisor of 19063 and 11.
11
What is the greatest common divisor of 430 and 559?
43
Calculate the highest common factor of 7 and 427.
7
Calculate the highest common divisor of 76 and 38.
38
What is the greatest common divisor of 12 and 684?
12
Calculate the greatest common factor of 20 and 290.
10
Calculate the greatest common divisor of 91 and 308.
7
What is the greatest common factor of 2060 and 260?
20
Calculate the greatest common factor of 3795 and 165.
165
Calculate the greatest common divisor of 24 and 648.
24
What is the greatest common divisor of 976 and 610?
122
Calculate the highest common factor of 1272 and 12.
12
What is the highest common factor of 126 and 112?
14
What is the highest common factor of 1139 and 17?
17
What is the highest common divisor of 1147 and 62?
31
Calculate the greatest com